ed by 68.
3
Calculate the remainder when 14159 is divided by 118.
117
Calculate the remainder when 2333 is divided by 1070.
193
Calculate the remainder when 383 is divided by 2.
1
Calculate the remainder when 265977 is divided by 620.
617
Calculate the remainder when 30793 is divided by 90.
13
What is the remainder when 1381414 is divided by 334?
324
Calculate the remainder when 1624 is divided by 260.
64
What is the remainder when 18129 is divided by 4499?
133
What is the remainder when 6773 is divided by 9?
5
What is the remainder when 722735 is divided by 3?
2
What is the remainder when 1309 is divided by 129?
19
Calculate the remainder when 2774184 is divided by 13.
10
Calculate the remainder when 2187 is divided by 2159.
28
What is the remainder when 66703 is divided by 617?
67
Calculate the remainder when 32077 is divided by 6.
1
Calculate the remainder when 149370 is divided by 195.
0
Calculate the remainder when 200813 is divided by 176.
173
Calculate the remainder when 20169 is divided by 2891.
2823
What is the remainder when 554 is divided by 14?
8
Calculate the remainder when 1513 is divided by 96.
73
Calculate the remainder when 235741 is divided by 82.
73
Calculate the remainder when 9371 is divided by 4627.
117
Calculate the remainder when 65649 is divided by 325.
324
Calculate the remainder when 23910 is divided by 21.
12
Calculate the remainder when 17246 is divided by 125.
121
What is the remainder when 97811 is divided by 11?
10
Calculate the remainder when 246614 is divided by 209.
203
What is the remainder when 27986 is divided by 1645?
21
What is the remainder when 14729 is divided by 243?
149
What is the remainder when 30013 is divided by 207?
205
What is the remainder when 3677 is divided by 618?
587
Calculate the remainder when 14401 is divided by 13.
10
Calculate the remainder when 1719248 is divided by 1058.
1056
Calculate the remainder when 25338 is divided by 792.
786
What is the remainder when 18326 is divided by 68?
34
What is the remainder when 343282 is divided by 17?
1
Calculate the remainder when 49543 is divided by 107.
2
Calculate the remainder when 145734 is divided by 53.
37
What is the remainder when 22033 is divided by 3058?
627
What is the remainder when 6447 is divided by 1099?
952
Calculate the remainder when 131138 is divided by 238.
0
What is the remainder when 845 is divided by 19?
9
Calculate the remainder when 4549 is divided by 46.
41
Calculate the remainder when 2328347 is divided by 2622.
11
What is the remainder when 6263 is divided by 1548?
71
Calculate the remainder when 11239 is divided by 97.
84
Calculate the remainder when 53185 is divided by 8737.
763
What is the remainder when 7493 is divided by 108?
41
What is the remainder when 81872 is divided by 1345?
1172
What is the remainder when 7739 is divided by 3842?
55
What is the remainder when 2929 is divided by 1459?
11
What is the remainder when 102345 is divided by 9303?
12
What is the remainder when 908 is divided by 452?
4
What is the remainder when 25423 is divided by 2446?
963
What is the remainder when 5464 is divided by 1087?
29
Calculate the remainder when 799063 is divided by 23.
20
What is the remainder when 18334 is divided by 12?
10
What is the remainder when 2833 is divided by 629?
317
Calculate the remainder when 13522 is divided by 300.
22
Calculate the remainder when 18784 is divided by 1444.
12
Calculate the remainder when 8203 is divided by 54.
49
Calculate the remainder when 3166 is divided by 1481.
204
Calculate the remainder when 396240 is divided by 7.
5
What is the remainder when 150508 is divided by 87?
85
Calculate the remainder when 344 is divided by 195.
149
What is the remainder when 5070 is divided by 189?
156
What is the remainder when 95184 is divided by 6796?
40
Calculate the remainder when 12683 is divided by 192.
11
Calculate the remainder when 294 is divided by 122.
50
Calculate the remainder when 5551 is divided by 2774.
3
What is the remainder when 42672 is divided by 6?
0
Calculate the remainder when 1262 is divided by 1261.
1
Calculate the remainder when 253068 is divided by 721.
718
Calculate the remainder when 4968 is divided by 381.
15
What is the remainder when 51747 is divided by 50?
47
Calculate the remainder when 63811 is divided by 916.
607
What is the remainder when 5282 is divided by 60?
2
What is the remainder when 8796 is divided by 2907?
75
What is the remainder when 7293929 is divided by 5?
4
Calculate the remainder when 166305 is divided by 113.
82
What is the remainder when 825016 is divided by 6?
4
What is the remainder when 1434 is divided by 624?
186
What is the remainder when 35249 is divided by 223?
15
What is the remainder when 2170 is divided by 103?
7
What is the remainder when 6882 is divided by 439?
297
Calculate the remainder when 16918 is divided by 78.
70
Calculate the remainder when 693 is divided by 687.
6
What is the remainder when 909845 is divided by 406?
405
Calculate the remainder when 11467 is divided by 546.
1
Calculate the remainder when 1556221 is divided by 518740.
1
Calculate the remainder when 864466 is divided by 58.
34
What is the remainder when 10922 is divided by 182?
2
Calculate the remainder when 85536 is divided by 10.
6
Calculate the remainder when 667645 is divided by 166911.
1
Calculate the remainder when 11611 is divided by 2320.
11
Calculate the remainder when 105255 is divided by 236.
235
Calculate the remainder when 40559 is divided by 16.
15
What is the remainder when 1099128 is divided by 36?
12
What is the remainder when 1900 is divided by 308?
52
Calculate the remainder when 7012 is divided by 62.
6
What is the remainder when 359796 is divided by 50?
46
Calculate the remainder when 1960 is divided by 185.
110
Calculate the remainder when 32364 is divided by 129.
114
What is the remainder when 4505661 is divided by 248?
245
Calculate the remainder when 34691 is divided by 11.
8
What is the remainder when 11708 is divided by 689?
684
Calculate the remainder when 358 is divided by 101.
55
Calculate the remainder when 14332 is divided by 21.
10
What is the remainder when 615 is divided by 308?
307
Calculate the remainder when 15242 is divided by 246.
236
What is the remainder when 46024 is divided by 35?
34
What is the remainder when 295587 is divided by 73883?
55
What is the remainder when 47842 is divided by 36?
34
Calculate the remainder when 108975 is divided by 28.
27
What is the remainder when 1677078 is divided by 11?
7
What is the remainder when 929960 is divided by 11?
9
What is the remainder when 35071 is divided by 34994?
77
What is the remainder when 15230 is divided by 7590?
50
Calculate the remainder when 44541 is divided by 128.
125
What is the remainder when 202082 is divided by 266?
188
Calculate the remainder when 3254 is divided by 323.
24
What is the remainder when 23592 is divided by 1844?
1464
What is the remainder when 15736 is divided by 235?
226
Calculate the remainder when 6502 is divided by 324.
22
What is the remainder when 1651 is divided by 285?
226
Calculate the remainder when 114154 is divided by 17.
16
What is the remainder when 219102 is divided by 23?
4
What is the remainder when 19694 is divided by 505?
504
Calculate the remainder when 10557 is divided by 192.
189
Calculate the remainder when 60567 is divided by 891.
870
Calculate the remainder when 25914 is divided by 163.
160
Calculate the remainder when 98615 is divided by 1429.
14
Calculate the remainder when 60363 is divided by 30173.
17
What is the remainder when 448986 is divided by 112245?
6
Calculate the remainder when 877348 is divided by 6.
4
What is the remainder when 2294 is divided by 328?
326
What is the remainder when 8004 is divided by 104?
100
Calculate the remainder when 1340 is divided by 622.
96
Calculate the remainder when 187938 is divided by 290.
18
Calculate the remainder when 308820 is divided by 67.
17
What is the remainder when 10261 is divided by 90?
1
What is the remainder when 90300 is divided by 261?
255
What is the remainder when 553 is divided by 90?
13
Calculate the remainder when 104614 is divided by 58.
40
Calculate the remainder when 18314 is divided by 89.
69
What is the remainder when 9718 is divided by 383?
143
